05, 2*a - 3*s - 116 = 181. Let k = a - -630. List the prime factors of k.
2, 3, 131
Let x(b) = b**3 + 61*b**2 - 76*b + 348. What are the prime factors of x(-61)?
2, 7, 89
Suppose -q + 16834 + 5605 = 5*k, 0 = -5*q - k + 112075. What are the prime factors of q?
2, 7, 1601
Let w be (-5)/(-5)*(24 - 3). Let l = w + -19. Suppose 4*y + 160 = 6*g - 3*g, l*g = 4*y + 100. What are the prime factors of g?
2, 3, 5
Suppose -5*x + 22399 = -2*j, 5*x + 39*j - 22385 = 34*j. Suppose 15*l = x - 1119. What are the prime factors of l?
2, 7
Let p = -60 - -55. Let l be 16/10 + (-8)/100*p. Suppose -o - 101 = -w + 57, -4*w + 656 = l*o. List the prime factors of w.
2, 3
What are the prime factors of 7522 - (-16)/6*(-276)/184?
2, 3, 7, 179
Suppose -4*t + 35 = 5*x, 3*x - 24 = -t - 2*t. Suppose -5*h = -5*d - h - 7, x*d - 2*h = -3. What are the prime factors of (-16)/4 + d + 47?
2, 11
Let j(l) = l**3 - 4*l**2 - 7*l + 12. Suppose 2*x = 4*o - 2, 15 - 1 = 4*x + o. Suppose -3*f + 16 - 5 = b, -4*f + x = -b. List the prime factors of j(b).
2
Let t = -3085 + 10277. What are the prime factors of t?
2, 29, 31
Let s(b) = 2*b**2 - b. Let v be s(2). Let p(l) = -13*l - 3*l**2 - 10*l + 6 + 24*l - 6*l**2 + 2*l**3. List the prime factors of p(v).
2, 3, 5
Let x(z) be the second derivative of -1/2*z**2 - 2/3*z**4 - 1/4*z**5 - 8*z - 2/3*z**3 + 0. What are the prime factors of x(-3)?
2, 37
Suppose 0 = -4*r + 4*b - 36, -5*r - 4*b = -0*b + 63. Suppose 4*y = 4*m - 24, 2*m = 5*y + 4 + 14. What are the prime factors of (-392)/y*r/(-22)?
2, 7
Let k be (-1)/(-2)*4023 + 22/(-44). Suppose -5*i - 6*a = -2*a - 3340, 0 = -3*i - a + k. List the prime factors of i.
2, 3, 7
Let o = -93 + 21. Let w be 1*4*(-90)/o. Suppose 6*v = 5*v + 2*t + 41, -w*v = -3*t - 226. What are the prime factors of v?
47
Let k be ((-4)/(-6))/((-11)/3 + 3). Let f be 1 - (k*3 - (1 + -2)). List the prime factors of (6/(-9))/(f/(-18)) - -166.
2, 5, 17
Suppose o + 4*x - 48 = -0*o, 4*o = -4*x + 168. Suppose -40*v + 41*v = 65. Let t = v + o. What are the prime factors of t?
3, 5, 7
Let k be (1 - 3)*(-162 + 8/4). Suppose -x = -0*x - 12. Suppose 2*b - x*b = -k. What are the prime factors of b?
2
Let u(l) = 78*l**3 + l**2. Suppose 5*w + 179 = 19. Let j = -31 - w. List the prime factors of u(j).
79
Let a be (-1660)/3*(-189)/105. Suppose -5*l + a = -3*l. What are the prime factors of l?
2, 3, 83
Let u be ((-2)/(-5))/(2*4/(-360)). Let b(f) = f**2 + 9*f - 5. Let n be b(u). Suppose 209 = 6*m - n. List the prime factors of m.
61
Let s(m) = -6*m**3 - 109*m**2 + 57*m - 136. List the prime factors of s(-30).
2, 19, 23, 71
Let y(x) = -10 - 10*x + 164*x**3 - 165*x**3 - 3*x - x**2. What are the prime factors of y(-4)?
2, 3, 5
Suppose -167*q - 365180 = -198*q. What are the prime factors of q?
2, 5, 19, 31
Let r(q) = -324*q - 78. Let k = -358 + 355. What are the prime factors of r(k)?
2, 3, 149
Let s(c) = -620*c - 6062. List the prime factors of s(-48).
2, 17, 41
Let y = -104 + 282. Let i = 272 - y. Let x = 141 - i. List the prime factors of x.
47
Let n be ((-3)/3)/(8/(-40)). Suppose -v - 2*y = -4*v + 7, n*y = -2*v + 11. Suppose -125 = -v*t + 31. What are the prime factors of t?
2, 13
Suppose 19*s - 281303 - 439239 = -128597. What are the prime factors of s?
3, 5, 31, 67
Let q(x) = 1476*x + 367. What are the prime factors of q(18)?
5, 5387
Let a = 192 + -192. Suppose 57 = 15*i - 12*i - h, a = 5*h - 15. List the prime factors of i.
2, 5
Suppose 3*x + 9 = 0, 307*u + 2*x + 21265 = 308*u. List the prime factors of u.
7, 3037
Suppose 0 = -2*c - 2*p - 1220, 3*c + 4*p + 595 = 2*c. Let g = 1110 + c. What are the prime factors of g?
3, 5, 11
Let v(j) = -j**3 - j**2 + 15*j + 21. Let a be v(-4). Let z(o) = 12*o**2 - 11*o + 20. What are the prime factors of z(a)?
19, 47
Let l = 38 + -35. Suppose -2*y + k + 11 = -9, l*y = 5*k + 23. Suppose -y*f + 13*f - 176 = 0. What are the prime factors of f?
2, 11
Suppose 17*i = 12*i + 10. Let k(m) = 36 + 17*m**i - 10*m - m**3 - 59 - 4*m. What are the prime factors of k(16)?
3
Let k be 66*38/4 + (-8)/4. Let p = -614 + k. What are the prime factors of p?
11
Let b = 16 + -14. What are the prime factors of (2 + b)*(-1704)/(-16)?
2, 3, 71
Let q(h) = -27*h + 114. Let a be q(4). Suppose a*w + y = 7*w - 1338, -4011 = -3*w + 2*y. What are the prime factors of w?
3, 5, 89
Suppose 52*q - 57*q = -3*j - 33819, -3*q + 4*j = -20287. What are the prime factors of q?
3, 5, 11, 41
What are the prime factors of ((-2)/(-5) + 152*13/1560)*7938?
2, 3, 5, 7
Let g = -490 + 460. List the prime factors of 296/((-275)/g - 9).
2, 3, 37
Let i(r) = 7*r**2 - 56*r - 1. Let d be i(8). List the prime factors of -1 + -2529*d/3.
2, 421
Suppose -6*d = -418 + 406. Suppose 2*t = t + 4*s + 1650, -t - d*s + 1662 = 0. List the prime factors of t.
2, 829
Let b(t) = -201 + 184 - t**3 - 12*t**2 + 0*t**3 + 11*t. Let z be b(-13). Suppose -z*q + 246 = -7*q. What are the prime factors of q?
3, 41
Let m(a) = 3*a**2 + 5. Let k be m(0). Suppose -2*r + 15 = x, x - 13 = -k*r + 17. Suppose -i + 144 = r*c, 103 = 4*c - i - 5. List the prime factors of c.
2, 7
Suppose 0 = -3*d + 3*u + 50889, 41*d - 46*d + u = -84815. What are the prime factors of d?
16963
Let d(v) be the second derivative of 137*v**3/3 - 2*v**2 + v + 6. List the prime factors of d(1).
2, 3, 5
Suppose 3639272 = 492*l - 440*l. List the prime factors of l.
2, 7, 4999
Let f(l) = 3*l**3 - 6*l**2 - 3*l - 8. Let n = -187 + 352. Let y be 4/(-6)*n/(-22). What are the prime factors of f(y)?
2, 101
Suppose -27*f + 4*f + 7557599 = 234*f. What are the prime factors of f?
7, 4201
Suppose v - 72650 = 7*x - 12*x, 159851 = 11*x - 2*v. What are the prime factors of x?
11, 1321
Suppose -3*y + 3791 = 4*g, -y + 106 = 5*g - 1165. List the prime factors of y.
13, 97
Suppose 6 = -0*v + 3*v + 2*s, s + 19 = 4*v. Suppose -3 = 3*a - 9. Suppose a*g + 80 = v*g. List the prime factors of g.
2, 5
Let c(m) = 13*m**2 - 70*m - 1148. What are the prime factors of c(-16)?
2, 3, 5, 11
Let y(b) = 25*b**2 + 2*b + 2. Let c be y(-1). Let v = 6 + 24. Let o = v + c. List the prime factors of o.
5, 11
Suppose 0 = 2*a - u - 397, -975 = -5*a - u - 0*u. Suppose 7*d = 11*d + a. Let l = -45 - d. List the prime factors of l.
2
Let z = -55180 - -88058. What are the prime factors of z?
2, 17, 967
Suppose 30*j - 4656 = 74394. What are the prime factors of j?
5, 17, 31
What are the prime factors of (3135 - 1)/((-185)/(-370))?
2, 1567
Suppose -71*u = -151829 - 127840. What are the prime factors of u?
3, 13, 101
Let c = 56 + -56. Suppose -3*b + 861 - 87 = c. Suppose -b - 519 = -7*j. List the prime factors of j.
3, 37
Let l(c) = -2*c**2 - 30*c - 47. Let h be l(-13). Suppose 5*o - 3*i - 1193 = 1682, -2*o + 1181 = h*i. List the prime factors of o.
2, 17
Let i be (-9456)/(-52) + (-6)/(-39). Let f be (-8 - -11)/(12/460). Let x = i - f. What are the prime factors of x?
67
Let c be (-1 - -3 - 8) + 1432. Let z = 3537 - c. List the prime factors of z.
2111
Let l(y) = 31*y**2 - 7*y - 9. Let i be l(-4). Suppose 13*b + i = 1581. List the prime factors of b.
2, 41
Let t = 146 - 138. Suppose -t*y + 2832 = -4*y. List the prime factors of y.
2, 3, 59
Suppose 3*l - 2*l = 1. Suppose -5 = -4*z - l. List the prime factors of -2 + 97*(z + 0).
5, 19
What are the prime factors of -6 + (281200/3 - (-109)/(-327))?
19, 4933
Suppose 88*g - 10 = 86*g, -w - 2*g + 18348 = 0. List the prime factors of w.
2, 53, 173
Suppose -7*s + 21910 = -20830 + 6963. What are the prime factors of s?
19, 269
Let q(v) = 1641*v + 92. What are the prime factors of q(7)?
11579
Let v = -309 + 289. List the prime factors of v/15 + 11220/18.
2, 311
Let f(a) = -55*a - 86. Let v(s) = s - 1. Let r be v(-3). What are the prime factors of f(r)?
2, 67
Let y = -550 - -543. List the prime factors of 105/(-245) - 6842/y.
977
Suppose 5*y = -2*g + 42902, 14*g - 10*g - 22*y = 85868. What are the prime factors of g?
2, 3, 149
Suppose -6124*w + 6114*w + 13140 = 0. What are the prime factors of w?
2, 3, 73
Let n(u) be the third derivative of 143*u**4/12 + 46*u**3/3 - 34*u**2. What are the prime factors of n(3)?
2, 5, 19
Suppose -3*h + 2*h - 2*t = 275, h = 3*t - 270. Let s = -423 - h. Let o = -68 - s. What are the prime factors of o?
2, 41
Suppose 5*x - 4*h + 7*h - 39 = 0, -3*h + 9 = 0. Let k(j) = -14*j - 17. Let i(a) = a - 1. Let u(s) = x*